et q = -2 + d. Suppose 2*b - 60 = -w, q*b - 3*w + 16 - 115 = 0. What is the remainder when b is divided by 8?
7
Let a be (-84)/(-45) - 6/(-45). Let i be 2*(0 - a - 0). What is the remainder when 16 is divided by (-11)/(-2) - 2/i?
4
Let c be -23 + (4 + -2 - -1). Let h(y) = y**2 - 5*y - 4. Calculate the remainder when h(-4) is divided by 1/((c/(-4))/85).
15
Suppose 0 = -17*o + 15*o + 4. Suppose -5*n - 3*x + 363 = 0, -n - o*x + 49 + 18 = 0. What is the remainder when n is divided by 13?
10
Let c = -5 + -1. Calculate the remainder when 1/c - (-333)/54 is divided by 3.
0
Let n(w) = 6*w**3 - 2*w - 2. Let z(i) = -4*i - 62. Let y be z(-16). Calculate the remainder when 167 is divided by n(y).
41
Suppose 43*a + 120 = 49*a. Let w(u) = -u**2 + 20*u + 25. What is the remainder when 124 is divided by w(a)?
24
Let r(j) = -2*j**2 + 2*j - 1. Let t be r(2). Let w(f) = 7*f**2 + 13*f + 9. What is the remainder when w(t) is divided by 24?
23
Suppose 4*w - 27 = 4*a + 25, 25 = 5*w + 5*a. Suppose -2*o + 51 = -w. Suppose -5*m - o = -7*m. What is the remainder when 57 is divided by m?
12
Suppose -4*u + 65 = 5. Let l = 15 + 30. Calculate the remainder when 59 is divided by l/2*10/u.
14
What is the remainder when 295 is divided by (-5 - -12) + (-15)/(30/(-184))?
97
Let d be 2060/(-14) - (-3)/21. Let j = 221 + d. What is the remainder when j is divided by 15?
14
Suppose 256 + 248 = 8*k. Suppose 2*r + 9 = k. What is the remainder when 53 is divided by r?
26
Let l = -66 - -71. Let c(r) = r**3 - 6*r**2 + 8*r - 7. What is the remainder when 15 is divided by c(l)?
7
Let h(w) = 11*w**2 - 62*w. What is the remainder when h(6) is divided by 19?
5
Let v be (203 - 1)/(1 + 1). Suppose w - v = -17. Let d = -5706 + 5735. Calculate the remainder when w is divided by d.
26
Let v(z) = -z**2 - 6*z + 13. Let q = 4 + -1. Suppose 2*i - q*t - 2 = 0, 8 = -3*i + 4*i + 2*t. Calculate the remainder when v(-6) is divided by i.
1
Suppose 5*z = -2*t + 8, t + 12 = -5*z + 4*t. Let y(d) = d**3 - d**2 + 97. Calculate the remainder when y(z) is divided by (-3)/(-9) + 74/3.
22
Suppose -2*k - 2*y = -3*k + 89, 3*k - 251 = 2*y. Suppose -w + k = 5*b, -5*b + 5*w - 2*w = -97. What is the remainder when 27 is divided by b?
10
Suppose 4*o - 34 = 10. Suppose 0 = -3*x + 5*l - 5, 0*x - l = -3*x + o. What is the remainder when 9 is divided by x?
4
Suppose 5*l - 910 = -m + 5*m, -3*m - 549 = -3*l. Suppose 0 = 2*r + 4*i - l, 3*r - 232 = -4*i + 29. What is the remainder when r is divided by 17?
15
Suppose 0 = -11*j + 2229 - 2196. Suppose -4 + 29 = 2*b - 3*c, 3*c - 115 = -5*b. What is the remainder when b is divided by j?
2
Let j(z) = -2*z**2 - 7*z - 4. Let r be j(-4). Let t be 4/8*r + 40. Calculate the remainder when 27 is divided by (-59)/(-8) - t/96.
6
Let r(q) = -4*q**3 + 29*q**2 - 6*q - 4. Let d be r(7). Suppose -5*y - 16 = -d*n, y - 3*y + 44 = 3*n. What is the remainder when 22 is divided by n?
10
Suppose -6 = 2*f, -30*f = -3*b - 33*f + 6. What is the remainder when 42 is divided by b?
2
Suppose -4*v + 9 = -z, -v - 3*v + 2*z + 6 = 0. Let h be -2 - -2 - -1 - -2. What is the remainder when 29 is divided by -2 + h - -3*v?
9
Suppose -2*r - 4*z = -114, -4*z = 3*r - z - 177. Calculate the remainder when 191 is divided by r.
8
Let q = 19 + -3. Let h = 43 - q. Suppose -40 = -5*m + 4*u + 46, -3*m + 5*u = -62. Calculate the remainder when h is divided by m.
13
Let h(l) = 3*l**2 + 8*l + 13. Suppose -241 + 81 = -5*j. What is the remainder when j is divided by h(-2)?
5
Let t = -15 - -17. Suppose -w - 3*a + 20 = t*a, 5*a + 10 = w. What is the remainder when 43 is divided by w?
13
Let n be 40/6*(-6)/5. Let f(c) = -6*c**2 + 3. Let y be f(-2). Let j = n - y. What is the remainder when 23 is divided by j?
10
Let z(o) = -o**2 + 51. Calculate the remainder when z(0) is divided by ((-2)/(-10))/(3/195).
12
Let c = 200 - 141. Suppose -5*l = 5*f - 100, -7*l = -3*f - 3*l + 67. What is the remainder when c is divided by f?
17
Let m(r) = -18 - 19 + 7*r + 29. Calculate the remainder when m(10) is divided by 16.
14
Let c(x) = x**3 + 8*x**2 + 10*x - 9. Let t be c(-5). Suppose -20*r + 80 = -t*r. Calculate the remainder when r is divided by 7.
6
Suppose -f = -5*q - 5, -q + 0 = f + 25. Let k = f + 36. Calculate the remainder when 27 is divided by k.
11
Suppose 0 = v - 4*r - 1179, -2331 = -2*v - 0*r - r. Calculate the remainder when v is divided by 90.
87
Suppose -4 = -z - 2, 0 = -3*w - z + 2309. Suppose 6*a - 23 = w. What is the remainder when a is divided by 45?
42
Suppose -5*o + 12 = 3*u - 31, 5*o - 49 = -4*u. Suppose y = 3 + u. Calculate the remainder when 15 is divided by y.
6
Calculate the remainder when (9/12 + -9)/((-1)/124) is divided by 9.
6
Suppose 7*c + 3 = 164. What is the remainder when 199 is divided by c?
15
Suppose 3*z - 189 = -3*n + 75, 0 = -2*n + 8. Calculate the remainder when z is divided by 46.
38
Suppose -5*h + 2*h = 3. Calculate the remainder when ((-12)/4)/(3/6)*h is divided by 5.
1
Let u(b) = b**3 + b**2 - b - 1. Let k be u(-1). Calculate the remainder when 94 is divided by k/(-3) + (-2 - -34).
30
Suppose -4*z = -4*u - 100, -2*u = 5*z - 4*z - 31. What is the remainder when 482 is divided by z?
23
Let m = 16 - -8. Let n(l) = -m*l + 2 + 3 + 0. Calculate the remainder when n(-5) is divided by 32.
29
Suppose -21 = g + 2*g. Let h = -40 + 42. What is the remainder when (-70)/g + (h - 3) is divided by 4?
1
Let u(k) = -3*k**2 - 2*k. Let w be u(-5). Let m = w - -71. What is the remainder when 10 is divided by m?
4
Suppose 2*u - 81 = 3*b - 32, 119 = 4*u + b. What is the remainder when (6 - 26/65)*20 is divided by u?
25
Calculate the remainder when 44 is divided by (2/(-6))/((-130)/(-135) - 1).
8
Let u(y) = 59*y**3 + 4*y**2 - 27*y + 83. What is the remainder when u(3) is divided by 71?
69
Suppose 24*s + 45*s - 4761 = 0. What is the remainder when 756 is divided by s?
66
Let l = 100 - 158. Let q = -29 - l. Suppose 3*c = -p + 10, 3*c + 1 = -5. What is the remainder when q is divided by p?
13
Suppose 0*b + 3*b - 75 = 0. Let h(o) = -2*o**3 - 5*o**2 + 6*o + 4. Calculate the remainder when h(-5) is divided by b.
24
Suppose -2*p + 40 = -3*x, x - 2*p - 2*p + 20 = 0. Let m be (-20)/(-9) - x/(-54). Suppose m*l + l - 213 = 0. What is the remainder when l is divided by 18?
17
Let s be (-649)/(-22) - 1/(-2). Let j = s - 17. Calculate the remainder when 36 is divided by j.
10
Suppose -193*t + 584 = -189*t. Calculate the remainder when t is divided by 61.
24
Let t(c) = -c**3 + 5*c**2 - 3*c + 7. Let h be t(5). Let d = h + 10. Calculate the remainder when 7 is divided by 3 + d/(-4)*0.
1
Let h = 821 + -783. What is the remainder when h is divided by 6 - ((-6)/(-2) + -2)?
3
Let f(w) = -w - 2. Let x be f(-4). Suppose -10 = -x*u - 2. Suppose -79 = u*g - 291. What is the remainder when g is divided by 27?
26
Suppose -17*l + 390 = -14*l. What is the remainder when l is divided by 48?
34
Suppose b = -6 + 8. Calculate the remainder when 13 is divided by 2 - (-8 + 4 - b).
5
Calculate the remainder when 666 is divided by (-20)/12*(-336)/40.
8
Calculate the remainder when 178 is divided by 36 + (-24)/20*5.
28
Calculate the remainder when 352/6*((-66)/4)/(-11) is divided by 32.
24
Let v be -4*2/(-8) - -345. Let z = v - 221. Calculate the remainder when z is divided by 32.
29
Let d = -857 - -864. Calculate the remainder when 1168 is divided by d.
6
Suppose 7*w + f = 4*w + 9, 2*w + 4*f = 6. Suppose 5*o = w*y - 37, y - 3*o - 11 = -0*o. Calculate the remainder when 39 is divided by y.
11
Let a(h) = -h**3 + 8*h**2 + 2*h - 7. Let n(t) = 2*t**2 - 3*t - 3. Let b be n(3). Let o = 42 - 22. Calculate the remainder when a(b) is divided by o.
17
Suppose -5 = 4*t - 5. Suppose 2*x + 2*x - 164 = t. Calculate the remainder when 120 is divided by x.
38
Calculate the remainder when 402 is divided by -4 + 79 + -12*4/(-8).
78
Let l(v) = -6*v**3 + 3*v**2 + 8*v + 11. Calculate the remainder when l(-2) is divided by 22.
11
Suppose 7*j - 4*j - 3*k - 36 = 0, -27 = -2*j - k. Let f = 32 - 23. What is the remainder when j is divided by f?
4
Let x(b) = -3*b + 131. What is the remainder when 878 is divided by x(7)?
108
Let o(x) = x**2 - 8*x + 16. Let c be o(6). Suppose -286 = -c*p + 138. What is the remainder when p is divided by 18?
16
What is the remainder when ((-9)/24*-142)/((-12)/(-